 s = 8 - g. Suppose m - s*m = -126. What is the highest common divisor of m and 21?
21
Let c = -41 + 57. Calculate the highest common factor of 2 and c.
2
Let j = -41 - -64. Calculate the highest common factor of j and 23.
23
Let o be ((-15)/12)/(1/(-8)). Let l = o - 3. What is the highest common divisor of 70 and l?
7
Let v = -13 - -22. What is the highest common factor of 45 and v?
9
Let m be (-6 - -4) + -1 + 39. What is the greatest common factor of 18 and m?
18
Let f = -148 - -164. What is the highest common factor of f and 112?
16
Suppose x + 0*o + 6 = 2*o, 5*o - 20 = 0. Suppose -2*p + i + 28 = 0, -5*i + 28 = 2*p - 4*i. What is the highest common factor of p and x?
2
Suppose 5*z - 782 = p, -z + 45 = 4*p - 103. Suppose 303 = 3*j - z. What is the greatest common factor of j and 17?
17
Let k(p) = 6*p - 13. Let x be k(5). What is the greatest common divisor of 51 and x?
17
Let s be ((-34)/10 + 1)/(30/(-100)). Calculate the highest common factor of s and 88.
8
Let s be 10/4*10*1. Let n(p) = p**3 + 6*p**2 - p - 11. Let o be n(-4). Calculate the highest common divisor of o and s.
25
Let k = -240 + 375. Calculate the greatest common factor of 54 and k.
27
Let j(g) = -4*g - 2 - 2*g + 3*g + g**2. Let x be j(5). Let z(b) = -b**3 - 2*b**2 + 3*b. Let k be z(-4). What is the highest common divisor of k and x?
4
Suppose 0 = -6*m + 2*m + 12. Suppose -m*g + 0*g + 21 = 0. Let s(l) = l**2 - 6*l + 4. Let w be s(g). What is the greatest common factor of w and 121?
11
Suppose 0 = 5*k + 2*f - 29, 0*k + 3*k = 3*f + 9. Let j(v) = 2*v**3 + v**2 - 5*v + 7. Let n be j(3). What is the greatest common divisor of n and k?
5
Let j = -80 + 85. Calculate the greatest common factor of j and 40.
5
Let f be 5 + -1 + -2 + 3. Suppose 0*w = -2*w - 6, -5*w - 29 = 2*t. Let i = t - -8. Calculate the greatest common factor of f and i.
1
Suppose 0 = -4*n - 0*n, n = 2*j. Suppose j = 2*s + 4*p - 10, -2*s = 5*p - 9. Calculate the highest common factor of s and 77.
7
Let y = 19 + -14. What is the highest common factor of 15 and y?
5
Let p be 3 + -2 - (-1 + 1). Let l be (21/14)/(p/4). Calculate the greatest common divisor of 9 and l.
3
Let z be (4/4)/(-1 - (-12)/10). What is the greatest common divisor of 10 and z?
5
Let m = -72 + 217. Suppose -104 = -2*z - o, -o + m = 3*z - 5*o. What is the highest common divisor of z and 17?
17
Suppose 3*h - 5 = 4*q, 4*h + 2*q = 5*q + 9. Suppose -5*j + 4*j - 442 = -5*o, -h*o + 262 = j. What is the greatest common divisor of 11 and o?
11
Suppose 2*r - 218 = -i + 3*i, -2*r = 3*i - 233. Suppose -a = 2*a - 5*t - 118, -3*a + r = -2*t. Calculate the highest common divisor of a and 6.
6
Let l = -3 - -5. Let q be 1/l - 4/(-8). Calculate the highest common factor of 2 and q.
1
Suppose 0 = 5*u - 3*s - 63, -41 = 2*u - 5*u + s. Calculate the highest common factor of u and 135.
15
Suppose 4*x = 3*x + 3. Calculate the greatest common divisor of x and 2.
1
Let k = 0 + -4. Let g(v) = -v. Let r be g(k). Calculate the greatest common divisor of r and 36.
4
Suppose -f + 12 = -u + 2*u, -4*f + 48 = 3*u. Calculate the greatest common factor of f and 132.
12
Suppose 0 = -3*l + 4 - 1. Suppose -3*d + 0*b = b - 26, l = -b. Calculate the greatest common divisor of d and 99.
9
Let q be (3/(-6))/((-3)/78). Suppose -b + 79 = q. What is the greatest common factor of 6 and b?
6
Let t(v) = 14*v + 5. Let r be t(5). Let f be 11/(198/(-60))*9/(-2). Calculate the greatest common divisor of r and f.
15
Suppose o = 10 + 1. Let i be (9 - 7)*o/2. Calculate the greatest common divisor of 11 and i.
11
Suppose 8*f + 3 - 171 = 0. What is the highest common factor of 63 and f?
21
Let x be 32/64*(-3 - -1 - -4). Calculate the highest common divisor of 2 and x.
1
Let n = -3 + 8. Suppose 3*t + n = f - t, 5*t - 14 = -f. What is the highest common factor of f and 72?
9
Suppose -5*h - j + 345 = 0, h = 3*j - 4*j + 73. Calculate the greatest common divisor of h and 17.
17
Let y = -38 + -43. Let d be 2/(-8) + y/(-36). What is the greatest common factor of d and 8?
2
Let u be ((-2)/(-6))/((-2)/(-42)). Suppose -11 = -5*j + 2*s + 4, 0 = s + 5. What is the highest common divisor of j and u?
1
Let m be (-14)/(-28) - (-3)/((-6)/(-179)). Calculate the highest common divisor of m and 10.
10
Let l(z) = -5*z - 4. Let b be l(-4). Suppose -3*h - 11 = -t + 13, -3*h - 12 = 0. Let u be 570/4 + t/8. What is the highest common factor of u and b?
16
Let d(z) = z**3 - z**2 + z + 64. Let x be d(0). Let n be (-1)/3 + x/3. Calculate the greatest common divisor of 14 and n.
7
Let n(m) = m**3 - 3*m**2 + m + 2. Let r be n(2). Suppose 2*l + r*l = 6. Let j be l/(1 + -1 - -1). Calculate the greatest common factor of j and 3.
3
Let p be (1*-22)/(104/(-32) - -3). Calculate the highest common divisor of p and 11.
11
Suppose -h = -4*a + 14, -3*h + 7 = -h - a. Suppose h = b - s, 0 = -b + 2*s + 1 + 10. Calculate the highest common factor of b and 5.
1
Let v = -29 - -62. Calculate the greatest common divisor of v and 11.
11
Suppose p - 69 = -4*q - 24, 5*q + 4*p - 59 = 0. Let c = -4 - -7. Let v be -4 + c - (-4 + 2). Calculate the highest common factor of q and v.
1
Suppose -2*q = 3*u - 28, -u = q - 6*q + 19. Calculate the highest common factor of 30 and u.
6
Let o(w) = 21*w**3 + w**2 - 1. Let t be o(1). Suppose 3*g - 4*r + 500 = 6*g, 2*g + 2*r = 334. What is the greatest common divisor of g and t?
21
Suppose -5*d = -2*o - 30, d + o - 21 = -d. Calculate the highest common factor of d and 12.
4
Let n = 270 - 190. Suppose 2*y + 48 = 112. What is the greatest common divisor of y and n?
16
Suppose 0*j = 5*j. Suppose j = -2*u + 21 - 1. Calculate the greatest common factor of u and 2.
2
Let b(c) = -c**2 + 8*c + 12. Let v be b(9). Let k = v - -5. Calculate the highest common factor of k and 64.
8
Let a be 2 - 9 - (-4 - -3). Let l be (-70)/a + (-3)/(-9). Let v(f) = -19*f - 1. Let b be v(-7). Calculate the highest common divisor of l and b.
12
Suppose 199 = 3*o - 209. Let y(k) = 3*k + 5. Let x be y(4). Calculate the highest common factor of o and x.
17
Let x be (-7 - (-3 - 0))/(-2). Suppose 0*b = x*b - 2. Let w(d) = d**3 + 7*d**2 + 6*d + 3. Let r be w(-6). Calculate the greatest common divisor of b and r.
1
Suppose -3 = 2*a - 51. Let c(k) = -k**2 - 10*k - 4. Let j be c(-8). What is the greatest common factor of j and a?
12
Let r(x) = 8*x**2 - 1. Let p be r(-1). Suppose -4*y = -13 - p. Suppose 0 = 3*c - 2*o - 97, 225 - 55 = y*c + 5*o. What is the highest common divisor of c and 11?
11
Suppose -2*z - 12 = -72. Calculate the highest common divisor of z and 10.
10
Suppose 3*n = z + 5, 2*z = -5*n - z + 27. Suppose -n*r + 40 = -2. Let w(q) = q - 2. Let p be w(4). What is the greatest common factor of p and r?
2
Let w(z) = -9*z + 2. Suppose 4*r = -0 + 8. Let p be ((-3)/r)/((-6)/(-8)). Let s be w(p). What is the highest common divisor of 8 and s?
4
Suppose -18*q = -20*q + 32. What is the greatest common factor of q and 4?
4
Let j = -53 - -93. Suppose -4*y - y + j = 0. What is the highest common factor of y and 72?
8
Let v(s) = -35*s**3 - 3*s**2 - 4*s - 6. Let m be v(-2). What is the highest common factor of 30 and m?
30
Let v(b) = -b**3 + 6*b. Let u(o) = 2*o**3 - o**2 - 11*o - 1. Let k(s) = -4*u(s) - 7*v(s). Let j be k(4). Calculate the greatest common factor of 96 and j.
12
Suppose -8*k + 935 = -3*k. Suppose -k = -4*n - 27. Suppose 4*u - 20 = 0, -2*p - 3*p - 5*u = -n. Calculate the highest common divisor of p and 3.
3
Let u = 7 - 3. Suppose 7*c - u*c - 96 = 0. Calculate the highest common divisor of 48 and c.
16
Let f(p) = -p**2 + 7*p + 2. Let j be f(5). What is the greatest common divisor of j and 18?
6
Suppose y = -3*r + 9, 14 = 3*y + 5. Let a be (3 - -2)*5 + r. Calculate the highest common divisor of 3 and a.
3
Let q(i) = -i**2 - 13*i + 52. Let b be q(-16). What is the greatest common factor of 14 and b?
2
Let w = 11 - 6. Suppose -4*t = -3*t. Suppose t*k - 2*k - 2*o + 108 = 0, -5*k + 254 = o. Calculate the greatest common divisor of k and w.
5
Suppose 2 = 5*x - 18. Let n be 8 + 3 + -3 + -2. Suppose n*f - x*f = 10. What is the highest common divisor of f and 55?
5
Let f(n) = 2*n - 14*n - n. Let s be f(-5). What is the highest common divisor of 26 and s?
13
Let m = -69 - -97. Let i = 39 - -157. What is the greatest common factor of m and i?
28
Let h = -